{"id":368,"date":"2012-01-25T07:10:41","date_gmt":"2012-01-25T07:10:41","guid":{"rendered":"http:\/\/zsru-djakovo.hr\/?page_id=368"},"modified":"2023-01-10T09:21:43","modified_gmt":"2023-01-10T07:21:43","slug":"vazni-telefonski-brojevi","status":"publish","type":"page","link":"http:\/\/zsru-djakovo.hr\/?page_id=368","title":{"rendered":"Va\u017eni telefonski brojevi"},"content":{"rendered":"<p><strong>Va\u017eniji brojevi :<\/strong><br \/>\nPredsjednik Z\u0160RU \u0110akovo \u2026\u2026\u2026\u2026..091 602 7228<br \/>\nProfesionalni ribo\u010duvar Z\u0160RU \u2026\u2026\u2026092 371 3935<br \/>\nLovnik\u2026\u2026\u2026\u2026\u2026\u2026\u2026\u2026\u2026\u2026\u2026\u2026\u2026091 5405940<br \/>\nTajnik Z\u0160RU \u0110akovo\u2026\u2026\u2026\u2026\u2026\u2026. 092 254 6850<br \/>\nTel\/Fax\u2026\u2026\u2026\u2026\u2026..\u2026\u2026\u2026\u2026\u2026\u2026\u2026031 821 710<\/p>\n","protected":false},"excerpt":{"rendered":"<p>Va\u017eniji brojevi : Predsjednik Z\u0160RU \u0110akovo \u2026\u2026\u2026\u2026..091 602 7228 Profesionalni ribo\u010duvar Z\u0160RU \u2026\u2026\u2026092 371 3935 Lovnik\u2026\u2026\u2026\u2026\u2026\u2026\u2026\u2026\u2026\u2026\u2026\u2026\u2026091 5405940 Tajnik Z\u0160RU \u0110akovo\u2026\u2026\u2026\u2026\u2026\u2026. 092 254 6850 Tel\/Fax\u2026\u2026\u2026\u2026\u2026..\u2026\u2026\u2026\u2026\u2026\u2026\u2026031 821 710<\/p>\n","protected":false},"author":1,"featured_media":0,"parent":0,"menu_order":0,"comment_status":"open","ping_status":"open","template":"","meta":{"footnotes":""},"class_list":["post-368","page","type-page","status-publish","hentry","even alt"],"_links":{"self":[{"href":"http:\/\/zsru-djakovo.hr\/index.php?rest_route=\/wp\/v2\/pages\/368","targetHints":{"allow":["GET"]}}],"collection":[{"href":"http:\/\/zsru-djakovo.hr\/index.php?rest_route=\/wp\/v2\/pages"}],"about":[{"href":"http:\/\/zsru-djakovo.hr\/index.php?rest_route=\/wp\/v2\/types\/page"}],"author":[{"embeddable":true,"href":"http:\/\/zsru-djakovo.hr\/index.php?rest_route=\/wp\/v2\/users\/1"}],"replies":[{"embeddable":true,"href":"http:\/\/zsru-djakovo.hr\/index.php?rest_route=%2Fwp%2Fv2%2Fcomments&post=368"}],"version-history":[{"count":20,"href":"http:\/\/zsru-djakovo.hr\/index.php?rest_route=\/wp\/v2\/pages\/368\/revisions"}],"predecessor-version":[{"id":1722,"href":"http:\/\/zsru-djakovo.hr\/index.php?rest_route=\/wp\/v2\/pages\/368\/revisions\/1722"}],"wp:attachment":[{"href":"http:\/\/zsru-djakovo.hr\/index.php?rest_route=%2Fwp%2Fv2%2Fmedia&parent=368"}],"curies":[{"name":"wp","href":"https:\/\/api.w.org\/{rel}","templated":true}]}}