{"id":17,"date":"2011-02-08T20:17:20","date_gmt":"2011-02-08T20:17:20","guid":{"rendered":"http:\/\/zsru-djakovo.hr\/wp\/?page_id=17"},"modified":"2024-02-28T07:52:29","modified_gmt":"2024-02-28T05:52:29","slug":"kontakt","status":"publish","type":"page","link":"http:\/\/zsru-djakovo.hr\/?page_id=17","title":{"rendered":"Kontakt"},"content":{"rendered":"<table border=\"0\" width=\"413\">\n<tbody>\n<tr>\n<td width=\"16\"><img decoding=\"async\" src=\"http:\/\/www.zsru-djakovo.hr\/images\/M_images\/con_address.png\" alt=\"adresa\" \/><\/td>\n<td width=\"387\"><strong>Zajednica \u0161portskih Ribolovnih udruga \u0110akovo<\/strong><br \/>\nK.Domagoja 1<br \/>\n31400 \u0110akovo<br \/>\nOsije\u010dko-Baranjska \u017dupanija<br \/>\nHrvatska<\/td>\n<\/tr>\n<\/tbody>\n<\/table>\n<table border=\"0\" width=\"413\">\n<tbody>\n<tr>\n<td width=\"16\"><img decoding=\"async\" src=\"http:\/\/www.zsru-djakovo.hr\/images\/M_images\/emailButton.png\" alt=\"email adresa\" \/><\/td>\n<td width=\"388\">zsrudakovo(et)gmail.com<\/td>\n<\/tr>\n<\/tbody>\n<\/table>\n<table border=\"0\" width=\"413\">\n<tbody>\n<tr>\n<td width=\"16\"><img decoding=\"async\" src=\"http:\/\/www.zsru-djakovo.hr\/images\/M_images\/con_tel.png\" alt=\"telefon\/fax\" \/><\/td>\n<td width=\"371\">Tel +385(31)821 710<br \/>\nFax +385(31)821 710<\/td>\n<\/tr>\n<\/tbody>\n<\/table>\n<table border=\"0\" width=\"413\">\n<tbody>\n<tr>\n<td width=\"16\"><img decoding=\"async\" src=\"http:\/\/www.zsru-djakovo.hr\/images\/M_images\/con_info.png\" alt=\"info\" \/><\/td>\n<td width=\"371\">Mati\u010dni broj \/ OIB &#8211; 03077519\/11711680327<br \/>\nUpis u registar udruga ureda za op\u0107u upravu \u017eupanije Osje\u010dko &#8211; baranjske pod brojem 14000538<\/p>\n<p>\u017diro ra\u010dun: \u00a0HR1323400091111213565<\/td>\n<\/tr>\n<\/tbody>\n<\/table>\n<p style=\"text-align: center;\">\n","protected":false},"excerpt":{"rendered":"<p>Zajednica \u0161portskih Ribolovnih udruga \u0110akovo K.Domagoja 1 31400 \u0110akovo Osije\u010dko-Baranjska \u017dupanija Hrvatska zsrudakovo(et)gmail.com Tel +385(31)821 710 Fax +385(31)821 710 Mati\u010dni broj \/ OIB &#8211; 03077519\/11711680327 Upis u registar udruga ureda&#8230; <span class=\"meta-more\"><a href=\"http:\/\/zsru-djakovo.hr\/?page_id=17\">Vi\u0161e &raquo;<\/a><\/span><\/p>\n","protected":false},"author":1,"featured_media":0,"parent":0,"menu_order":0,"comment_status":"closed","ping_status":"closed","template":"","meta":{"footnotes":""},"class_list":["post-17","page","type-page","status-publish","hentry","even alt"],"_links":{"self":[{"href":"http:\/\/zsru-djakovo.hr\/index.php?rest_route=\/wp\/v2\/pages\/17","targetHints":{"allow":["GET"]}}],"collection":[{"href":"http:\/\/zsru-djakovo.hr\/index.php?rest_route=\/wp\/v2\/pages"}],"about":[{"href":"http:\/\/zsru-djakovo.hr\/index.php?rest_route=\/wp\/v2\/types\/page"}],"author":[{"embeddable":true,"href":"http:\/\/zsru-djakovo.hr\/index.php?rest_route=\/wp\/v2\/users\/1"}],"replies":[{"embeddable":true,"href":"http:\/\/zsru-djakovo.hr\/index.php?rest_route=%2Fwp%2Fv2%2Fcomments&post=17"}],"version-history":[{"count":19,"href":"http:\/\/zsru-djakovo.hr\/index.php?rest_route=\/wp\/v2\/pages\/17\/revisions"}],"predecessor-version":[{"id":1766,"href":"http:\/\/zsru-djakovo.hr\/index.php?rest_route=\/wp\/v2\/pages\/17\/revisions\/1766"}],"wp:attachment":[{"href":"http:\/\/zsru-djakovo.hr\/index.php?rest_route=%2Fwp%2Fv2%2Fmedia&parent=17"}],"curies":[{"name":"wp","href":"https:\/\/api.w.org\/{rel}","templated":true}]}}